{"id":11,"date":"2025-02-04T09:57:26","date_gmt":"2025-02-04T09:57:26","guid":{"rendered":"https:\/\/www.victorfl.es\/?page_id=11"},"modified":"2025-02-04T14:01:17","modified_gmt":"2025-02-04T14:01:17","slug":"servicios","status":"publish","type":"page","link":"https:\/\/www.victorfl.es\/index.php\/servicios\/","title":{"rendered":"Servicios"},"content":{"rendered":"\t\t<div data-elementor-type=\"wp-page\" data-elementor-id=\"11\" class=\"elementor elementor-11\">\n\t\t\t\t<div class=\"elementor-element elementor-element-88d4532 e-flex e-con-boxed e-con e-parent\" data-id=\"88d4532\" data-element_type=\"container\" data-e-type=\"container\">\n\t\t\t\t\t<div class=\"e-con-inner\">\n\t\t\t\t<div class=\"elementor-element elementor-element-2b1fc8c elementor-widget elementor-widget-heading\" data-id=\"2b1fc8c\" data-element_type=\"widget\" data-e-type=\"widget\" data-widget_type=\"heading.default\">\n\t\t\t\t<div class=\"elementor-widget-container\">\n\t\t\t\t\t<h2 class=\"elementor-heading-title elementor-size-default\">Mantenimiento inform\u00e1tico<\/h2>\t\t\t\t<\/div>\n\t\t\t\t<\/div>\n\t\t\t\t\t<\/div>\n\t\t\t\t<\/div>\n\t\t<div class=\"elementor-element elementor-element-1e88e97 e-flex e-con-boxed e-con e-parent\" data-id=\"1e88e97\" data-element_type=\"container\" data-e-type=\"container\">\n\t\t\t\t\t<div class=\"e-con-inner\">\n\t\t\t\t<div class=\"elementor-element elementor-element-6a4fe15 elementor-widget elementor-widget-text-editor\" data-id=\"6a4fe15\" data-element_type=\"widget\" data-e-type=\"widget\" data-widget_type=\"text-editor.default\">\n\t\t\t\t<div class=\"elementor-widget-container\">\n\t\t\t\t\t\t\t\t\t<p>Nos ocupamos de toda la instalaci\u00f3n y mantenimiento de los equipos inform\u00e1ticos y perif\u00e9ricos de tu empresa. Disponemos de modalidades de contratos flexibles en los que siempre pagar\u00e1s lo m\u00ednimo por los servicios realizados. Ofrecemos un servicio r\u00e1pido, integral y eficaz.<\/p>\t\t\t\t\t\t\t\t<\/div>\n\t\t\t\t<\/div>\n\t\t\t\t\t<\/div>\n\t\t\t\t<\/div>\n\t\t<div class=\"elementor-element elementor-element-88a5b5f e-flex e-con-boxed e-con e-parent\" data-id=\"88a5b5f\" data-element_type=\"container\" data-e-type=\"container\">\n\t\t\t\t\t<div class=\"e-con-inner\">\n\t\t\t\t<div class=\"elementor-element elementor-element-7a0a3f3 elementor-widget elementor-widget-heading\" data-id=\"7a0a3f3\" data-element_type=\"widget\" data-e-type=\"widget\" data-widget_type=\"heading.default\">\n\t\t\t\t<div class=\"elementor-widget-container\">\n\t\t\t\t\t<h2 class=\"elementor-heading-title elementor-size-default\">Dise\u00f1o Web<\/h2>\t\t\t\t<\/div>\n\t\t\t\t<\/div>\n\t\t\t\t\t<\/div>\n\t\t\t\t<\/div>\n\t\t<div class=\"elementor-element elementor-element-7cda491 e-flex e-con-boxed e-con e-parent\" data-id=\"7cda491\" data-element_type=\"container\" data-e-type=\"container\">\n\t\t\t\t\t<div class=\"e-con-inner\">\n\t\t\t\t<div class=\"elementor-element elementor-element-54854aa elementor-widget elementor-widget-text-editor\" data-id=\"54854aa\" data-element_type=\"widget\" data-e-type=\"widget\" data-widget_type=\"text-editor.default\">\n\t\t\t\t<div class=\"elementor-widget-container\">\n\t\t\t\t\t\t\t\t\t<p>Gestionamos la creaci\u00f3n y mantenimiento de tu p\u00e1gina web adapt\u00e1ndola a las necesidades de tu mercado.<\/p>\t\t\t\t\t\t\t\t<\/div>\n\t\t\t\t<\/div>\n\t\t\t\t\t<\/div>\n\t\t\t\t<\/div>\n\t\t<div class=\"elementor-element elementor-element-af1f5b0 e-flex e-con-boxed e-con e-parent\" data-id=\"af1f5b0\" data-element_type=\"container\" data-e-type=\"container\">\n\t\t\t\t\t<div class=\"e-con-inner\">\n\t\t\t\t<div class=\"elementor-element elementor-element-4f0e276 elementor-widget elementor-widget-heading\" data-id=\"4f0e276\" data-element_type=\"widget\" data-e-type=\"widget\" data-widget_type=\"heading.default\">\n\t\t\t\t<div class=\"elementor-widget-container\">\n\t\t\t\t\t<h2 class=\"elementor-heading-title elementor-size-default\">Redes y Sistemas<\/h2>\t\t\t\t<\/div>\n\t\t\t\t<\/div>\n\t\t\t\t\t<\/div>\n\t\t\t\t<\/div>\n\t\t<div class=\"elementor-element elementor-element-e18e100 e-flex e-con-boxed e-con e-parent\" data-id=\"e18e100\" data-element_type=\"container\" data-e-type=\"container\">\n\t\t\t\t\t<div class=\"e-con-inner\">\n\t\t\t\t<div class=\"elementor-element elementor-element-422571d elementor-widget elementor-widget-text-editor\" data-id=\"422571d\" data-element_type=\"widget\" data-e-type=\"widget\" data-widget_type=\"text-editor.default\">\n\t\t\t\t<div class=\"elementor-widget-container\">\n\t\t\t\t\t\t\t\t\t<p>Asesoramos a nuestros clientes ofreciendo una soluci\u00f3n adecuada para su sistema inform\u00e1tico, brind\u00e1ndoles la posibilidad de implantar una infraestructura de red acorde a los nuevos avances tecnol\u00f3gicos, combinando elementos de voz y datos, SAIs, redes inal\u00e1mbricas, etc.<\/p>\t\t\t\t\t\t\t\t<\/div>\n\t\t\t\t<\/div>\n\t\t\t\t\t<\/div>\n\t\t\t\t<\/div>\n\t\t<div class=\"elementor-element elementor-element-874a544 e-flex e-con-boxed e-con e-parent\" data-id=\"874a544\" data-element_type=\"container\" data-e-type=\"container\">\n\t\t\t\t\t<div class=\"e-con-inner\">\n\t\t\t\t<div class=\"elementor-element elementor-element-136479a elementor-widget elementor-widget-heading\" data-id=\"136479a\" data-element_type=\"widget\" data-e-type=\"widget\" data-widget_type=\"heading.default\">\n\t\t\t\t<div class=\"elementor-widget-container\">\n\t\t\t\t\t<h2 class=\"elementor-heading-title elementor-size-default\">Dominios y hosting<\/h2>\t\t\t\t<\/div>\n\t\t\t\t<\/div>\n\t\t\t\t\t<\/div>\n\t\t\t\t<\/div>\n\t\t<div class=\"elementor-element elementor-element-4c1e0fb e-flex e-con-boxed e-con e-parent\" data-id=\"4c1e0fb\" data-element_type=\"container\" data-e-type=\"container\">\n\t\t\t\t\t<div class=\"e-con-inner\">\n\t\t\t\t<div class=\"elementor-element elementor-element-40b4e23 elementor-widget elementor-widget-text-editor\" data-id=\"40b4e23\" data-element_type=\"widget\" data-e-type=\"widget\" data-widget_type=\"text-editor.default\">\n\t\t\t\t<div class=\"elementor-widget-container\">\n\t\t\t\t\t\t\t\t\t<p>Ofrecemos un plan de hosting a medida para su negocio. Nosotros evaluamos las necesidades y le orientamos para elegir la mejor opci\u00f3n.<\/p><p>Trabajamos en todas las \u00e1reas relacionadas por el hosting, de esa manera podr\u00e1 sacar el m\u00e1ximo provecho a su negocio con el coste justo y sin preocuparse del mantenimiento de cuentas, incidencias o renovaciones.<\/p>\t\t\t\t\t\t\t\t<\/div>\n\t\t\t\t<\/div>\n\t\t\t\t\t<\/div>\n\t\t\t\t<\/div>\n\t\t<div class=\"elementor-element elementor-element-7b61d6e e-flex e-con-boxed e-con e-parent\" data-id=\"7b61d6e\" data-element_type=\"container\" data-e-type=\"container\">\n\t\t\t\t\t<div class=\"e-con-inner\">\n\t\t\t\t<div class=\"elementor-element elementor-element-1b8b1c4 elementor-widget elementor-widget-heading\" data-id=\"1b8b1c4\" data-element_type=\"widget\" data-e-type=\"widget\" data-widget_type=\"heading.default\">\n\t\t\t\t<div class=\"elementor-widget-container\">\n\t\t\t\t\t<h2 class=\"elementor-heading-title elementor-size-default\">Copias de seguridad y recuperaci\u00f3n de datos<\/h2>\t\t\t\t<\/div>\n\t\t\t\t<\/div>\n\t\t\t\t\t<\/div>\n\t\t\t\t<\/div>\n\t\t<div class=\"elementor-element elementor-element-7ce8a63 e-flex e-con-boxed e-con e-parent\" data-id=\"7ce8a63\" data-element_type=\"container\" data-e-type=\"container\">\n\t\t\t\t\t<div class=\"e-con-inner\">\n\t\t\t\t<div class=\"elementor-element elementor-element-e727810 elementor-widget elementor-widget-text-editor\" data-id=\"e727810\" data-element_type=\"widget\" data-e-type=\"widget\" data-widget_type=\"text-editor.default\">\n\t\t\t\t<div class=\"elementor-widget-container\">\n\t\t\t\t\t\t\t\t\t<p>Ofrecemos la posibilidad de realizar copias de seguridad de sus datos de forma sistem\u00e1tica y peri\u00f3dica. Adem\u00e1s ofrecemos la posibilidad de recuperar la informaci\u00f3n perdida, borrada o infectada.<\/p>\t\t\t\t\t\t\t\t<\/div>\n\t\t\t\t<\/div>\n\t\t\t\t\t<\/div>\n\t\t\t\t<\/div>\n\t\t<div class=\"elementor-element elementor-element-00232da e-flex e-con-boxed e-con e-parent\" data-id=\"00232da\" data-element_type=\"container\" data-e-type=\"container\">\n\t\t\t\t\t<div class=\"e-con-inner\">\n\t\t\t\t<div class=\"elementor-element elementor-element-3e97eba elementor-widget elementor-widget-heading\" data-id=\"3e97eba\" data-element_type=\"widget\" data-e-type=\"widget\" data-widget_type=\"heading.default\">\n\t\t\t\t<div class=\"elementor-widget-container\">\n\t\t\t\t\t<h2 class=\"elementor-heading-title elementor-size-default\">Reparaci\u00f3n de equipos<\/h2>\t\t\t\t<\/div>\n\t\t\t\t<\/div>\n\t\t\t\t\t<\/div>\n\t\t\t\t<\/div>\n\t\t<div class=\"elementor-element elementor-element-554c32d e-flex e-con-boxed e-con e-parent\" data-id=\"554c32d\" data-element_type=\"container\" data-e-type=\"container\">\n\t\t\t\t\t<div class=\"e-con-inner\">\n\t\t\t\t<div class=\"elementor-element elementor-element-b96b7fa elementor-widget elementor-widget-text-editor\" data-id=\"b96b7fa\" data-element_type=\"widget\" data-e-type=\"widget\" data-widget_type=\"text-editor.default\">\n\t\t\t\t<div class=\"elementor-widget-container\">\n\t\t\t\t\t\t\t\t\t<p>Reparamos todo tipo de equipos. Ya sea en entorno Windows o Mac. Ampliamos la memoria de los equipos y cambiamos el disco duro recuperando la informaci\u00f3n. Contamos con un equipo de t\u00e9cnicos cualificados para revolver cualquier incidencia.<\/p>\t\t\t\t\t\t\t\t<\/div>\n\t\t\t\t<\/div>\n\t\t\t\t\t<\/div>\n\t\t\t\t<\/div>\n\t\t\t\t<\/div>\n\t\t","protected":false},"excerpt":{"rendered":"<p>Mantenimiento inform\u00e1tico Nos ocupamos de toda la instalaci\u00f3n y mantenimiento de los equipos inform\u00e1ticos y perif\u00e9ricos de tu empresa. Disponemos de modalidades de contratos flexibles en los que siempre pagar\u00e1s lo m\u00ednimo por los servicios realizados. Ofrecemos un servicio r\u00e1pido, integral y eficaz. Dise\u00f1o Web Gestionamos la creaci\u00f3n y mantenimiento de tu p\u00e1gina web adapt\u00e1ndola &hellip; <\/p>\n<p class=\"link-more\"><a href=\"https:\/\/www.victorfl.es\/index.php\/servicios\/\" class=\"more-link\">Continuar leyendo<span class=\"screen-reader-text\"> \u00abServicios\u00bb<\/span><\/a><\/p>\n","protected":false},"author":1,"featured_media":53,"parent":0,"menu_order":0,"comment_status":"closed","ping_status":"closed","template":"","meta":{"footnotes":""},"class_list":["post-11","page","type-page","status-publish","has-post-thumbnail","hentry"],"yoast_head":"<!-- This site is optimized with the Yoast SEO plugin v27.5 - https:\/\/yoast.com\/product\/yoast-seo-wordpress\/ -->\n<title>Servicios - V\u00edctor Fagu\u00e1s<\/title>\n<meta name=\"robots\" content=\"index, follow, max-snippet:-1, max-image-preview:large, max-video-preview:-1\" \/>\n<link rel=\"canonical\" href=\"https:\/\/www.victorfl.es\/index.php\/servicios\/\" \/>\n<meta property=\"og:locale\" content=\"es_ES\" \/>\n<meta property=\"og:type\" content=\"article\" \/>\n<meta property=\"og:title\" content=\"Servicios - V\u00edctor Fagu\u00e1s\" \/>\n<meta property=\"og:description\" content=\"Mantenimiento inform\u00e1tico Nos ocupamos de toda la instalaci\u00f3n y mantenimiento de los equipos inform\u00e1ticos y perif\u00e9ricos de tu empresa. Disponemos de modalidades de contratos flexibles en los que siempre pagar\u00e1s lo m\u00ednimo por los servicios realizados. Ofrecemos un servicio r\u00e1pido, integral y eficaz. Dise\u00f1o Web Gestionamos la creaci\u00f3n y mantenimiento de tu p\u00e1gina web adapt\u00e1ndola &hellip; Continuar leyendo &quot;Servicios&quot;\" \/>\n<meta property=\"og:url\" content=\"https:\/\/www.victorfl.es\/index.php\/servicios\/\" \/>\n<meta property=\"og:site_name\" content=\"V\u00edctor Fagu\u00e1s\" \/>\n<meta property=\"article:modified_time\" content=\"2025-02-04T14:01:17+00:00\" \/>\n<meta property=\"og:image\" content=\"https:\/\/www.victorfl.es\/wp-content\/uploads\/2025\/02\/markus-spiske-iar-afB0QQw-unsplash-scaled.jpg\" \/>\n\t<meta property=\"og:image:width\" content=\"2560\" \/>\n\t<meta property=\"og:image:height\" content=\"1707\" \/>\n\t<meta property=\"og:image:type\" content=\"image\/jpeg\" \/>\n<meta name=\"twitter:card\" content=\"summary_large_image\" \/>\n<meta name=\"twitter:label1\" content=\"Tiempo de lectura\" \/>\n\t<meta name=\"twitter:data1\" content=\"1 minuto\" \/>\n<script type=\"application\/ld+json\" class=\"yoast-schema-graph\">{\"@context\":\"https:\\\/\\\/schema.org\",\"@graph\":[{\"@type\":\"WebPage\",\"@id\":\"https:\\\/\\\/www.victorfl.es\\\/index.php\\\/servicios\\\/\",\"url\":\"https:\\\/\\\/www.victorfl.es\\\/index.php\\\/servicios\\\/\",\"name\":\"Servicios - V\u00edctor Fagu\u00e1s\",\"isPartOf\":{\"@id\":\"https:\\\/\\\/www.victorfl.es\\\/#website\"},\"primaryImageOfPage\":{\"@id\":\"https:\\\/\\\/www.victorfl.es\\\/index.php\\\/servicios\\\/#primaryimage\"},\"image\":{\"@id\":\"https:\\\/\\\/www.victorfl.es\\\/index.php\\\/servicios\\\/#primaryimage\"},\"thumbnailUrl\":\"https:\\\/\\\/www.victorfl.es\\\/wp-content\\\/uploads\\\/2025\\\/02\\\/markus-spiske-iar-afB0QQw-unsplash-scaled.jpg\",\"datePublished\":\"2025-02-04T09:57:26+00:00\",\"dateModified\":\"2025-02-04T14:01:17+00:00\",\"breadcrumb\":{\"@id\":\"https:\\\/\\\/www.victorfl.es\\\/index.php\\\/servicios\\\/#breadcrumb\"},\"inLanguage\":\"es\",\"potentialAction\":[{\"@type\":\"ReadAction\",\"target\":[\"https:\\\/\\\/www.victorfl.es\\\/index.php\\\/servicios\\\/\"]}]},{\"@type\":\"ImageObject\",\"inLanguage\":\"es\",\"@id\":\"https:\\\/\\\/www.victorfl.es\\\/index.php\\\/servicios\\\/#primaryimage\",\"url\":\"https:\\\/\\\/www.victorfl.es\\\/wp-content\\\/uploads\\\/2025\\\/02\\\/markus-spiske-iar-afB0QQw-unsplash-scaled.jpg\",\"contentUrl\":\"https:\\\/\\\/www.victorfl.es\\\/wp-content\\\/uploads\\\/2025\\\/02\\\/markus-spiske-iar-afB0QQw-unsplash-scaled.jpg\",\"width\":2560,\"height\":1707},{\"@type\":\"BreadcrumbList\",\"@id\":\"https:\\\/\\\/www.victorfl.es\\\/index.php\\\/servicios\\\/#breadcrumb\",\"itemListElement\":[{\"@type\":\"ListItem\",\"position\":1,\"name\":\"Portada\",\"item\":\"https:\\\/\\\/www.victorfl.es\\\/\"},{\"@type\":\"ListItem\",\"position\":2,\"name\":\"Servicios\"}]},{\"@type\":\"WebSite\",\"@id\":\"https:\\\/\\\/www.victorfl.es\\\/#website\",\"url\":\"https:\\\/\\\/www.victorfl.es\\\/\",\"name\":\"V\u00edctor Fagu\u00e1s\",\"description\":\"T\u00e9cnico Inform\u00e1tico\",\"potentialAction\":[{\"@type\":\"SearchAction\",\"target\":{\"@type\":\"EntryPoint\",\"urlTemplate\":\"https:\\\/\\\/www.victorfl.es\\\/?s={search_term_string}\"},\"query-input\":{\"@type\":\"PropertyValueSpecification\",\"valueRequired\":true,\"valueName\":\"search_term_string\"}}],\"inLanguage\":\"es\"}]}<\/script>\n<!-- \/ Yoast SEO plugin. -->","yoast_head_json":{"title":"Servicios - V\u00edctor Fagu\u00e1s","robots":{"index":"index","follow":"follow","max-snippet":"max-snippet:-1","max-image-preview":"max-image-preview:large","max-video-preview":"max-video-preview:-1"},"canonical":"https:\/\/www.victorfl.es\/index.php\/servicios\/","og_locale":"es_ES","og_type":"article","og_title":"Servicios - V\u00edctor Fagu\u00e1s","og_description":"Mantenimiento inform\u00e1tico Nos ocupamos de toda la instalaci\u00f3n y mantenimiento de los equipos inform\u00e1ticos y perif\u00e9ricos de tu empresa. Disponemos de modalidades de contratos flexibles en los que siempre pagar\u00e1s lo m\u00ednimo por los servicios realizados. Ofrecemos un servicio r\u00e1pido, integral y eficaz. Dise\u00f1o Web Gestionamos la creaci\u00f3n y mantenimiento de tu p\u00e1gina web adapt\u00e1ndola &hellip; Continuar leyendo \"Servicios\"","og_url":"https:\/\/www.victorfl.es\/index.php\/servicios\/","og_site_name":"V\u00edctor Fagu\u00e1s","article_modified_time":"2025-02-04T14:01:17+00:00","og_image":[{"width":2560,"height":1707,"url":"https:\/\/www.victorfl.es\/wp-content\/uploads\/2025\/02\/markus-spiske-iar-afB0QQw-unsplash-scaled.jpg","type":"image\/jpeg"}],"twitter_card":"summary_large_image","twitter_misc":{"Tiempo de lectura":"1 minuto"},"schema":{"@context":"https:\/\/schema.org","@graph":[{"@type":"WebPage","@id":"https:\/\/www.victorfl.es\/index.php\/servicios\/","url":"https:\/\/www.victorfl.es\/index.php\/servicios\/","name":"Servicios - V\u00edctor Fagu\u00e1s","isPartOf":{"@id":"https:\/\/www.victorfl.es\/#website"},"primaryImageOfPage":{"@id":"https:\/\/www.victorfl.es\/index.php\/servicios\/#primaryimage"},"image":{"@id":"https:\/\/www.victorfl.es\/index.php\/servicios\/#primaryimage"},"thumbnailUrl":"https:\/\/www.victorfl.es\/wp-content\/uploads\/2025\/02\/markus-spiske-iar-afB0QQw-unsplash-scaled.jpg","datePublished":"2025-02-04T09:57:26+00:00","dateModified":"2025-02-04T14:01:17+00:00","breadcrumb":{"@id":"https:\/\/www.victorfl.es\/index.php\/servicios\/#breadcrumb"},"inLanguage":"es","potentialAction":[{"@type":"ReadAction","target":["https:\/\/www.victorfl.es\/index.php\/servicios\/"]}]},{"@type":"ImageObject","inLanguage":"es","@id":"https:\/\/www.victorfl.es\/index.php\/servicios\/#primaryimage","url":"https:\/\/www.victorfl.es\/wp-content\/uploads\/2025\/02\/markus-spiske-iar-afB0QQw-unsplash-scaled.jpg","contentUrl":"https:\/\/www.victorfl.es\/wp-content\/uploads\/2025\/02\/markus-spiske-iar-afB0QQw-unsplash-scaled.jpg","width":2560,"height":1707},{"@type":"BreadcrumbList","@id":"https:\/\/www.victorfl.es\/index.php\/servicios\/#breadcrumb","itemListElement":[{"@type":"ListItem","position":1,"name":"Portada","item":"https:\/\/www.victorfl.es\/"},{"@type":"ListItem","position":2,"name":"Servicios"}]},{"@type":"WebSite","@id":"https:\/\/www.victorfl.es\/#website","url":"https:\/\/www.victorfl.es\/","name":"V\u00edctor Fagu\u00e1s","description":"T\u00e9cnico Inform\u00e1tico","potentialAction":[{"@type":"SearchAction","target":{"@type":"EntryPoint","urlTemplate":"https:\/\/www.victorfl.es\/?s={search_term_string}"},"query-input":{"@type":"PropertyValueSpecification","valueRequired":true,"valueName":"search_term_string"}}],"inLanguage":"es"}]}},"_links":{"self":[{"href":"https:\/\/www.victorfl.es\/index.php\/wp-json\/wp\/v2\/pages\/11","targetHints":{"allow":["GET"]}}],"collection":[{"href":"https:\/\/www.victorfl.es\/index.php\/wp-json\/wp\/v2\/pages"}],"about":[{"href":"https:\/\/www.victorfl.es\/index.php\/wp-json\/wp\/v2\/types\/page"}],"author":[{"embeddable":true,"href":"https:\/\/www.victorfl.es\/index.php\/wp-json\/wp\/v2\/users\/1"}],"replies":[{"embeddable":true,"href":"https:\/\/www.victorfl.es\/index.php\/wp-json\/wp\/v2\/comments?post=11"}],"version-history":[{"count":7,"href":"https:\/\/www.victorfl.es\/index.php\/wp-json\/wp\/v2\/pages\/11\/revisions"}],"predecessor-version":[{"id":39,"href":"https:\/\/www.victorfl.es\/index.php\/wp-json\/wp\/v2\/pages\/11\/revisions\/39"}],"wp:featuredmedia":[{"embeddable":true,"href":"https:\/\/www.victorfl.es\/index.php\/wp-json\/wp\/v2\/media\/53"}],"wp:attachment":[{"href":"https:\/\/www.victorfl.es\/index.php\/wp-json\/wp\/v2\/media?parent=11"}],"curies":[{"name":"wp","href":"https:\/\/api.w.org\/{rel}","templated":true}]}}