{"id":21,"date":"2025-02-04T09:58:48","date_gmt":"2025-02-04T09:58:48","guid":{"rendered":"https:\/\/www.victorfl.es\/?page_id=21"},"modified":"2025-02-04T14:19:21","modified_gmt":"2025-02-04T14:19:21","slug":"declaracion-de-accesibilidad","status":"publish","type":"page","link":"https:\/\/www.victorfl.es\/index.php\/declaracion-de-accesibilidad\/","title":{"rendered":"Declaraci\u00f3n de accesibilidad"},"content":{"rendered":"\t\t<div data-elementor-type=\"wp-page\" data-elementor-id=\"21\" class=\"elementor elementor-21\">\n\t\t\t\t<div class=\"elementor-element elementor-element-0209aad e-flex e-con-boxed e-con e-parent\" data-id=\"0209aad\" data-element_type=\"container\" data-e-type=\"container\">\n\t\t\t\t\t<div class=\"e-con-inner\">\n\t\t\t\t<div class=\"elementor-element elementor-element-e9a997c elementor-widget elementor-widget-text-editor\" data-id=\"e9a997c\" data-element_type=\"widget\" data-e-type=\"widget\" data-widget_type=\"text-editor.default\">\n\t\t\t\t<div class=\"elementor-widget-container\">\n\t\t\t\t\t\t\t\t\t<p>Actualizado: 04\/02\/2025<\/p><p>VICTOR FAGUAS LORENTE se compromete a hacer accesible su sitio web, de conformidad con el Real Decreto 1112\/2018, de 7 de septiembre, sobre accesibilidad de los sitios web y aplicaciones para dispositivos m\u00f3viles del sector p\u00fablico.<\/p><p>La presente declaraci\u00f3n de accesibilidad se aplica al sitio web https:\/\/victorfl.es<\/p><p><br \/>SITUACI\u00d3N DE CUMPLIMIENTO<\/p><p>Este sitio web es parcialmente conforme con el RD 1112\/2018 debido a las excepciones y a la falta de conformidad de los aspectos que se indican en el siguiente punto.<\/p><p><br \/>CONTENIDO NO ACCESIBLE<\/p><p>El contenido que se recoge a continuaci\u00f3n no es accesible por lo siguiente:<\/p><p>Falta de conformidad con el RD 1112\/2018<br \/>Existe contenido audiovisual que no incluye audio descripci\u00f3n o medio alternativo [Requisito n\u00famero 1.2.3 Audiodescripci\u00f3n o medio alternativo] y audiodescripcion grabada [Requisito 1.2.5 Audiodescripci\u00f3n (Grabado)].<\/p><p>Podr\u00edan existir errores de c\u00f3digo puntuales de edici\u00f3n en alguna p\u00e1gina web. [4.1.1 Procesamiento]<\/p><p>Podr\u00edan existir algunos componentes de la interfaz de usuario que no se encuentren etiquetados correctamente. [4.1.2 Nombre, funci\u00f3n, valor]<\/p><p>Carga desproporcionada<br \/>No aplica.<\/p><p>El contenido no entra dentro del \u00e1mbito de la legislaci\u00f3n aplicable<br \/>Podr\u00edan existir archivos ofim\u00e1ticos en PDF u otros formatos publicados antes del 20 de septiembre de 2018 que no cumplan en su totalidad todos los requisitos de accesibilidad. Aunque se ha procurado que la mayor\u00eda de ellos s\u00ed lo cumplan.<\/p><p><br \/>PREPARACI\u00d3N DE LA PRESENTE DECLARACI\u00d3N DE ACCESIBILIDAD:<\/p><p>La presente declaraci\u00f3n fue preparada el 10 de diciembre de 2024.<\/p><p>El m\u00e9todo empleado para preparar la declaraci\u00f3n ha sido una autoevaluaci\u00f3n llevada a cabo por la propia entidad.<\/p><p>La Declaraci\u00f3n de Accesibilidad ha sido revisada y actualizada en enero de 2025.<\/p><p>OBSERVACIONES Y DATOS DE CONTACTO<\/p><p>Puede realizar comunicaciones sobre requisitos de accesibilidad (art\u00edculo 10.2.a del RD 1112\/2018) como por ejemplo:<\/p><p>informar sobre cualquier posible incumplimiento por parte de este sitio web<br \/>transmitir otras dificultades de acceso al contenido<br \/>formular cualquier otra consulta o sugerencia de mejora relativa a la accesibilidad del sitio web a trav\u00e9s del formulario de contacto de este sitio web indicando en el asunto \u00abAccesibilidad Web\u201d.<br \/>Puede presentar:<\/p><p>Queja relativa al cumplimiento de los requisitos del RD 1112\/2018 o<br \/>Solicitud de Informaci\u00f3n accesible relativa a:<br \/>\u2013 Contenidos que est\u00e1n excluidos del \u00e1mbito de aplicaci\u00f3n del RD 1112\/2018 seg\u00fan lo establecido por el art\u00edculo 3, apartado 4.<br \/>\u2013 Contenidos que est\u00e1n exentos del cumplimiento de los requisitos de accesibilidad por imponer una carga desproporcionada.<\/p><p>CONTENIDO OPCIONAL<\/p><p>Esta web se han adoptado una serie de medidas cuyo objetivo es mejorar la accesibilidad para:<\/p><p>Facilitar el acceso de las personas independientemente de su condici\u00f3n f\u00edsica o de su entorno.<br \/>Incluir contenidos claros y bien estructurados.<br \/>Mejorar la navegaci\u00f3n y la experiencia del usuario.<br \/>Bot\u00f3n lateral derecho de Accesibilidad<\/p><p>En todas las p\u00e1ginas de la web, cuentan con un bot\u00f3n en el lateral derecho con el s\u00edmbolo de accesibilidad, que cuando al pulsar muestra un \u00abpop up\u00bb con diferentes opciones de accesibilidad visual a la p\u00e1gina web.<\/p><p>Atajos de teclado<\/p><p>Puede cambiar el tama\u00f1o del texto y el color, as\u00ed como el fondo de la p\u00e1gina mediante las opciones de configuraci\u00f3n est\u00e1ndar de los navegadores.<\/p><p>Si desea cambiar el tama\u00f1o de letra del texto en los principales navegadores gr\u00e1ficos utilice los siguientes men\u00fas:<\/p><p>Internet Explorer, Mozilla y Firefox: Ver &gt; Tama\u00f1o del texto<br \/>Opera: Ver &gt; Zoom<br \/>Safari: Ver &gt; Hacer el texto m\u00e1s grande<br \/>Chrome: Controla la p\u00e1gina actual &gt; Tama\u00f1o del texto<br \/>Para modificar el tama\u00f1o de todo en la p\u00e1gina:<br \/>Ctrl + + para aumentarlo<br \/>Ctrl + \u2013 para disminuirlo<br \/>Ctrl + 0 restaura el tama\u00f1o original del texto<br \/>Si lo que quiere es anular la hoja de estilos o modificar el color del texto, puede usar el bot\u00f3n lateral derecho de Accesibilidad.<\/p>\t\t\t\t\t\t\t\t<\/div>\n\t\t\t\t<\/div>\n\t\t\t\t\t<\/div>\n\t\t\t\t<\/div>\n\t\t\t\t<\/div>\n\t\t","protected":false},"excerpt":{"rendered":"<p>Actualizado: 04\/02\/2025 VICTOR FAGUAS LORENTE se compromete a hacer accesible su sitio web, de conformidad con el Real Decreto 1112\/2018, de 7 de septiembre, sobre accesibilidad de los sitios web y aplicaciones para dispositivos m\u00f3viles del sector p\u00fablico. La presente declaraci\u00f3n de accesibilidad se aplica al sitio web https:\/\/victorfl.es SITUACI\u00d3N DE CUMPLIMIENTO Este sitio web &hellip; <\/p>\n<p class=\"link-more\"><a href=\"https:\/\/www.victorfl.es\/index.php\/declaracion-de-accesibilidad\/\" class=\"more-link\">Continuar leyendo<span class=\"screen-reader-text\"> \u00abDeclaraci\u00f3n de accesibilidad\u00bb<\/span><\/a><\/p>\n","protected":false},"author":1,"featured_media":0,"parent":0,"menu_order":0,"comment_status":"closed","ping_status":"closed","template":"","meta":{"footnotes":""},"class_list":["post-21","page","type-page","status-publish","hentry"],"yoast_head":"<!-- This site is optimized with the Yoast SEO plugin v27.5 - https:\/\/yoast.com\/product\/yoast-seo-wordpress\/ -->\n<title>Declaraci\u00f3n de accesibilidad - V\u00edctor Fagu\u00e1s<\/title>\n<meta name=\"robots\" content=\"index, follow, max-snippet:-1, max-image-preview:large, max-video-preview:-1\" \/>\n<link rel=\"canonical\" href=\"https:\/\/www.victorfl.es\/index.php\/declaracion-de-accesibilidad\/\" \/>\n<meta property=\"og:locale\" content=\"es_ES\" \/>\n<meta property=\"og:type\" content=\"article\" \/>\n<meta property=\"og:title\" content=\"Declaraci\u00f3n de accesibilidad - V\u00edctor Fagu\u00e1s\" \/>\n<meta property=\"og:description\" content=\"Actualizado: 04\/02\/2025 VICTOR FAGUAS LORENTE se compromete a hacer accesible su sitio web, de conformidad con el Real Decreto 1112\/2018, de 7 de septiembre, sobre accesibilidad de los sitios web y aplicaciones para dispositivos m\u00f3viles del sector p\u00fablico. La presente declaraci\u00f3n de accesibilidad se aplica al sitio web https:\/\/victorfl.es SITUACI\u00d3N DE CUMPLIMIENTO Este sitio web &hellip; Continuar leyendo &quot;Declaraci\u00f3n de accesibilidad&quot;\" \/>\n<meta property=\"og:url\" content=\"https:\/\/www.victorfl.es\/index.php\/declaracion-de-accesibilidad\/\" \/>\n<meta property=\"og:site_name\" content=\"V\u00edctor Fagu\u00e1s\" \/>\n<meta property=\"article:modified_time\" content=\"2025-02-04T14:19:21+00:00\" \/>\n<meta name=\"twitter:card\" content=\"summary_large_image\" \/>\n<meta name=\"twitter:label1\" content=\"Tiempo de lectura\" \/>\n\t<meta name=\"twitter:data1\" content=\"3 minutos\" \/>\n<script type=\"application\/ld+json\" class=\"yoast-schema-graph\">{\"@context\":\"https:\\\/\\\/schema.org\",\"@graph\":[{\"@type\":\"WebPage\",\"@id\":\"https:\\\/\\\/www.victorfl.es\\\/index.php\\\/declaracion-de-accesibilidad\\\/\",\"url\":\"https:\\\/\\\/www.victorfl.es\\\/index.php\\\/declaracion-de-accesibilidad\\\/\",\"name\":\"Declaraci\u00f3n de accesibilidad - V\u00edctor Fagu\u00e1s\",\"isPartOf\":{\"@id\":\"https:\\\/\\\/www.victorfl.es\\\/#website\"},\"datePublished\":\"2025-02-04T09:58:48+00:00\",\"dateModified\":\"2025-02-04T14:19:21+00:00\",\"breadcrumb\":{\"@id\":\"https:\\\/\\\/www.victorfl.es\\\/index.php\\\/declaracion-de-accesibilidad\\\/#breadcrumb\"},\"inLanguage\":\"es\",\"potentialAction\":[{\"@type\":\"ReadAction\",\"target\":[\"https:\\\/\\\/www.victorfl.es\\\/index.php\\\/declaracion-de-accesibilidad\\\/\"]}]},{\"@type\":\"BreadcrumbList\",\"@id\":\"https:\\\/\\\/www.victorfl.es\\\/index.php\\\/declaracion-de-accesibilidad\\\/#breadcrumb\",\"itemListElement\":[{\"@type\":\"ListItem\",\"position\":1,\"name\":\"Portada\",\"item\":\"https:\\\/\\\/www.victorfl.es\\\/\"},{\"@type\":\"ListItem\",\"position\":2,\"name\":\"Declaraci\u00f3n de accesibilidad\"}]},{\"@type\":\"WebSite\",\"@id\":\"https:\\\/\\\/www.victorfl.es\\\/#website\",\"url\":\"https:\\\/\\\/www.victorfl.es\\\/\",\"name\":\"V\u00edctor Fagu\u00e1s\",\"description\":\"T\u00e9cnico Inform\u00e1tico\",\"potentialAction\":[{\"@type\":\"SearchAction\",\"target\":{\"@type\":\"EntryPoint\",\"urlTemplate\":\"https:\\\/\\\/www.victorfl.es\\\/?s={search_term_string}\"},\"query-input\":{\"@type\":\"PropertyValueSpecification\",\"valueRequired\":true,\"valueName\":\"search_term_string\"}}],\"inLanguage\":\"es\"}]}<\/script>\n<!-- \/ Yoast SEO plugin. -->","yoast_head_json":{"title":"Declaraci\u00f3n de accesibilidad - V\u00edctor Fagu\u00e1s","robots":{"index":"index","follow":"follow","max-snippet":"max-snippet:-1","max-image-preview":"max-image-preview:large","max-video-preview":"max-video-preview:-1"},"canonical":"https:\/\/www.victorfl.es\/index.php\/declaracion-de-accesibilidad\/","og_locale":"es_ES","og_type":"article","og_title":"Declaraci\u00f3n de accesibilidad - V\u00edctor Fagu\u00e1s","og_description":"Actualizado: 04\/02\/2025 VICTOR FAGUAS LORENTE se compromete a hacer accesible su sitio web, de conformidad con el Real Decreto 1112\/2018, de 7 de septiembre, sobre accesibilidad de los sitios web y aplicaciones para dispositivos m\u00f3viles del sector p\u00fablico. La presente declaraci\u00f3n de accesibilidad se aplica al sitio web https:\/\/victorfl.es SITUACI\u00d3N DE CUMPLIMIENTO Este sitio web &hellip; Continuar leyendo \"Declaraci\u00f3n de accesibilidad\"","og_url":"https:\/\/www.victorfl.es\/index.php\/declaracion-de-accesibilidad\/","og_site_name":"V\u00edctor Fagu\u00e1s","article_modified_time":"2025-02-04T14:19:21+00:00","twitter_card":"summary_large_image","twitter_misc":{"Tiempo de lectura":"3 minutos"},"schema":{"@context":"https:\/\/schema.org","@graph":[{"@type":"WebPage","@id":"https:\/\/www.victorfl.es\/index.php\/declaracion-de-accesibilidad\/","url":"https:\/\/www.victorfl.es\/index.php\/declaracion-de-accesibilidad\/","name":"Declaraci\u00f3n de accesibilidad - V\u00edctor Fagu\u00e1s","isPartOf":{"@id":"https:\/\/www.victorfl.es\/#website"},"datePublished":"2025-02-04T09:58:48+00:00","dateModified":"2025-02-04T14:19:21+00:00","breadcrumb":{"@id":"https:\/\/www.victorfl.es\/index.php\/declaracion-de-accesibilidad\/#breadcrumb"},"inLanguage":"es","potentialAction":[{"@type":"ReadAction","target":["https:\/\/www.victorfl.es\/index.php\/declaracion-de-accesibilidad\/"]}]},{"@type":"BreadcrumbList","@id":"https:\/\/www.victorfl.es\/index.php\/declaracion-de-accesibilidad\/#breadcrumb","itemListElement":[{"@type":"ListItem","position":1,"name":"Portada","item":"https:\/\/www.victorfl.es\/"},{"@type":"ListItem","position":2,"name":"Declaraci\u00f3n de accesibilidad"}]},{"@type":"WebSite","@id":"https:\/\/www.victorfl.es\/#website","url":"https:\/\/www.victorfl.es\/","name":"V\u00edctor Fagu\u00e1s","description":"T\u00e9cnico Inform\u00e1tico","potentialAction":[{"@type":"SearchAction","target":{"@type":"EntryPoint","urlTemplate":"https:\/\/www.victorfl.es\/?s={search_term_string}"},"query-input":{"@type":"PropertyValueSpecification","valueRequired":true,"valueName":"search_term_string"}}],"inLanguage":"es"}]}},"_links":{"self":[{"href":"https:\/\/www.victorfl.es\/index.php\/wp-json\/wp\/v2\/pages\/21","targetHints":{"allow":["GET"]}}],"collection":[{"href":"https:\/\/www.victorfl.es\/index.php\/wp-json\/wp\/v2\/pages"}],"about":[{"href":"https:\/\/www.victorfl.es\/index.php\/wp-json\/wp\/v2\/types\/page"}],"author":[{"embeddable":true,"href":"https:\/\/www.victorfl.es\/index.php\/wp-json\/wp\/v2\/users\/1"}],"replies":[{"embeddable":true,"href":"https:\/\/www.victorfl.es\/index.php\/wp-json\/wp\/v2\/comments?post=21"}],"version-history":[{"count":4,"href":"https:\/\/www.victorfl.es\/index.php\/wp-json\/wp\/v2\/pages\/21\/revisions"}],"predecessor-version":[{"id":71,"href":"https:\/\/www.victorfl.es\/index.php\/wp-json\/wp\/v2\/pages\/21\/revisions\/71"}],"wp:attachment":[{"href":"https:\/\/www.victorfl.es\/index.php\/wp-json\/wp\/v2\/media?parent=21"}],"curies":[{"name":"wp","href":"https:\/\/api.w.org\/{rel}","templated":true}]}}

Declaración de accesibilidad

<div data-elementor-type="wp-page" data-elementor-id="21" class="elementor elementor-21">
				<div class="elementor-element elementor-element-0209aad e-flex e-con-boxed e-con e-parent" data-id="0209aad" data-element_type="container" data-e-type="container">
					<div class="e-con-inner">
				<div class="elementor-element elementor-element-e9a997c elementor-widget elementor-widget-text-editor" data-id="e9a997c" data-element_type="widget" data-e-type="widget" data-widget_type="text-editor.default">
				<div class="elementor-widget-container">
									<p>Actualizado: 04/02/2025</p><p>VICTOR FAGUAS LORENTE se compromete a hacer accesible su sitio web, de conformidad con el Real Decreto 1112/2018, de 7 de septiembre, sobre accesibilidad de los sitios web y aplicaciones para dispositivos móviles del sector público.</p><p>La presente declaración de accesibilidad se aplica al sitio web https://victorfl.es</p><p><br />SITUACIÓN DE CUMPLIMIENTO</p><p>Este sitio web es parcialmente conforme con el RD 1112/2018 debido a las excepciones y a la falta de conformidad de los aspectos que se indican en el siguiente punto.</p><p><br />CONTENIDO NO ACCESIBLE</p><p>El contenido que se recoge a continuación no es accesible por lo siguiente:</p><p>Falta de conformidad con el RD 1112/2018<br />Existe contenido audiovisual que no incluye audio descripción o medio alternativo [Requisito número 1.2.3 Audiodescripción o medio alternativo] y audiodescripcion grabada [Requisito 1.2.5 Audiodescripción (Grabado)].</p><p>Podrían existir errores de código puntuales de edición en alguna página web. [4.1.1 Procesamiento]</p><p>Podrían existir algunos componentes de la interfaz de usuario que no se encuentren etiquetados correctamente. [4.1.2 Nombre, función, valor]</p><p>Carga desproporcionada<br />No aplica.</p><p>El contenido no entra dentro del ámbito de la legislación aplicable<br />Podrían existir archivos ofimáticos en PDF u otros formatos publicados antes del 20 de septiembre de 2018 que no cumplan en su totalidad todos los requisitos de accesibilidad. Aunque se ha procurado que la mayoría de ellos sí lo cumplan.</p><p><br />PREPARACIÓN DE LA PRESENTE DECLARACIÓN DE ACCESIBILIDAD:</p><p>La presente declaración fue preparada el 10 de diciembre de 2024.</p><p>El método empleado para preparar la declaración ha sido una autoevaluación llevada a cabo por la propia entidad.</p><p>La Declaración de Accesibilidad ha sido revisada y actualizada en enero de 2025.</p><p>OBSERVACIONES Y DATOS DE CONTACTO</p><p>Puede realizar comunicaciones sobre requisitos de accesibilidad (artículo 10.2.a del RD 1112/2018) como por ejemplo:</p><p>informar sobre cualquier posible incumplimiento por parte de este sitio web<br />transmitir otras dificultades de acceso al contenido<br />formular cualquier otra consulta o sugerencia de mejora relativa a la accesibilidad del sitio web a través del formulario de contacto de este sitio web indicando en el asunto «Accesibilidad Web”.<br />Puede presentar:</p><p>Queja relativa al cumplimiento de los requisitos del RD 1112/2018 o<br />Solicitud de Información accesible relativa a:<br />– Contenidos que están excluidos del ámbito de aplicación del RD 1112/2018 según lo establecido por el artículo 3, apartado 4.<br />– Contenidos que están exentos del cumplimiento de los requisitos de accesibilidad por imponer una carga desproporcionada.</p><p>CONTENIDO OPCIONAL</p><p>Esta web se han adoptado una serie de medidas cuyo objetivo es mejorar la accesibilidad para:</p><p>Facilitar el acceso de las personas independientemente de su condición física o de su entorno.<br />Incluir contenidos claros y bien estructurados.<br />Mejorar la navegación y la experiencia del usuario.<br />Botón lateral derecho de Accesibilidad</p><p>En todas las páginas de la web, cuentan con un botón en el lateral derecho con el símbolo de accesibilidad, que cuando al pulsar muestra un «pop up» con diferentes opciones de accesibilidad visual a la página web.</p><p>Atajos de teclado</p><p>Puede cambiar el tamaño del texto y el color, así como el fondo de la página mediante las opciones de configuración estándar de los navegadores.</p><p>Si desea cambiar el tamaño de letra del texto en los principales navegadores gráficos utilice los siguientes menús:</p><p>Internet Explorer, Mozilla y Firefox: Ver &gt; Tamaño del texto<br />Opera: Ver &gt; Zoom<br />Safari: Ver &gt; Hacer el texto más grande<br />Chrome: Controla la página actual &gt; Tamaño del texto<br />Para modificar el tamaño de todo en la página:<br />Ctrl + + para aumentarlo<br />Ctrl + – para disminuirlo<br />Ctrl + 0 restaura el tamaño original del texto<br />Si lo que quiere es anular la hoja de estilos o modificar el color del texto, puede usar el botón lateral derecho de Accesibilidad.</p>								</div>
				</div>
					</div>
				</div>
				</div>

<p>Actualizado: 04/02/2025 VICTOR FAGUAS LORENTE se compromete a hacer accesible su sitio web, de conformidad con el Real Decreto 1112/2018, de 7 de septiembre, sobre accesibilidad de los sitios web y aplicaciones para dispositivos móviles del sector público. La presente declaración de accesibilidad se aplica al sitio web https://victorfl.es SITUACIÓN DE CUMPLIMIENTO Este sitio web &hellip; </p>
<p class="link-more"><a href="https://www.victorfl.es/index.php/declaracion-de-accesibilidad/" class="more-link">Continuar leyendo<span class="screen-reader-text"> «Declaración de accesibilidad»</span></a></p>

<!-- This site is optimized with the Yoast SEO plugin v27.5 - https://yoast.com/product/yoast-seo-wordpress/ -->
<title>Declaración de accesibilidad - Víctor Faguás</title>
<meta name="robots" content="index, follow, max-snippet:-1, max-image-preview:large, max-video-preview:-1" />
<link rel="canonical" href="https://www.victorfl.es/index.php/declaracion-de-accesibilidad/" />
<meta property="og:locale" content="es_ES" />
<meta property="og:type" content="article" />
<meta property="og:title" content="Declaración de accesibilidad - Víctor Faguás" />
<meta property="og:description" content="Actualizado: 04/02/2025 VICTOR FAGUAS LORENTE se compromete a hacer accesible su sitio web, de conformidad con el Real Decreto 1112/2018, de 7 de septiembre, sobre accesibilidad de los sitios web y aplicaciones para dispositivos móviles del sector público. La presente declaración de accesibilidad se aplica al sitio web https://victorfl.es SITUACIÓN DE CUMPLIMIENTO Este sitio web &hellip; Continuar leyendo &quot;Declaración de accesibilidad&quot;" />
<meta property="og:url" content="https://www.victorfl.es/index.php/declaracion-de-accesibilidad/" />
<meta property="og:site_name" content="Víctor Faguás" />
<meta property="article:modified_time" content="2025-02-04T14:19:21+00:00" />
<meta name="twitter:card" content="summary_large_image" />
<meta name="twitter:label1" content="Tiempo de lectura" />
	<meta name="twitter:data1" content="3 minutos" />
<script type="application/ld+json" class="yoast-schema-graph">{"@context":"https:\/\/schema.org","@graph":[{"@type":"WebPage","@id":"https:\/\/www.victorfl.es\/index.php\/declaracion-de-accesibilidad\/","url":"https:\/\/www.victorfl.es\/index.php\/declaracion-de-accesibilidad\/","name":"Declaración de accesibilidad - Víctor Faguás","isPartOf":{"@id":"https:\/\/www.victorfl.es\/#website"},"datePublished":"2025-02-04T09:58:48+00:00","dateModified":"2025-02-04T14:19:21+00:00","breadcrumb":{"@id":"https:\/\/www.victorfl.es\/index.php\/declaracion-de-accesibilidad\/#breadcrumb"},"inLanguage":"es","potentialAction":[{"@type":"ReadAction","target":["https:\/\/www.victorfl.es\/index.php\/declaracion-de-accesibilidad\/"]}]},{"@type":"BreadcrumbList","@id":"https:\/\/www.victorfl.es\/index.php\/declaracion-de-accesibilidad\/#breadcrumb","itemListElement":[{"@type":"ListItem","position":1,"name":"Portada","item":"https:\/\/www.victorfl.es\/"},{"@type":"ListItem","position":2,"name":"Declaración de accesibilidad"}]},{"@type":"WebSite","@id":"https:\/\/www.victorfl.es\/#website","url":"https:\/\/www.victorfl.es\/","name":"Víctor Faguás","description":"Técnico Informático","potentialAction":[{"@type":"SearchAction","target":{"@type":"EntryPoint","urlTemplate":"https:\/\/www.victorfl.es\/?s={search_term_string}"},"query-input":{"@type":"PropertyValueSpecification","valueRequired":true,"valueName":"search_term_string"}}],"inLanguage":"es"}]}</script>
<!-- / Yoast SEO plugin. -->

Declaración de accesibilidad - Víctor Faguás

Actualizado: 04/02/2025 VICTOR FAGUAS LORENTE se compromete a hacer accesible su sitio web, de conformidad con el Real Decreto 1112/2018, de 7 de septiembre, sobre accesibilidad de los sitios web y aplicaciones para dispositivos móviles del sector público. La presente declaración de accesibilidad se aplica al sitio web https://victorfl.es SITUACIÓN DE CUMPLIMIENTO Este sitio web &hellip; Continuar leyendo "Declaración de accesibilidad"

Víctor Faguás

Técnico Informático
